{"id":4597,"date":"2021-01-26T21:16:48","date_gmt":"2021-01-26T19:16:48","guid":{"rendered":"https:\/\/www.horenso.fr\/?page_id=4597"},"modified":"2022-12-15T23:48:26","modified_gmt":"2022-12-15T21:48:26","slug":"expertise-conseil-excellence-operationnelle","status":"publish","type":"page","link":"https:\/\/www.horenso.fr\/index.php\/conseil-excellence-operationnelle-lean\/expertise-conseil-excellence-operationnelle\/","title":{"rendered":"Expertise Conseil Excellence Op\u00e9rationnelle"},"content":{"rendered":"\t\t<div data-elementor-type=\"wp-page\" data-elementor-id=\"4597\" class=\"elementor elementor-4597\">\n\t\t\t\t\t\t<section class=\"elementor-section elementor-top-section elementor-element elementor-element-4e68421 elementor-section-boxed elementor-section-height-default elementor-section-height-default\" data-id=\"4e68421\" data-element_type=\"section\">\n\t\t\t\t\t\t<div class=\"elementor-container elementor-column-gap-default\">\n\t\t\t\t\t<div class=\"elementor-column elementor-col-100 elementor-top-column elementor-element elementor-element-fcc708a\" data-id=\"fcc708a\" data-element_type=\"column\">\n\t\t\t<div class=\"elementor-widget-wrap elementor-element-populated\">\n\t\t\t\t\t\t<div class=\"elementor-element elementor-element-0a170e2 elementor-widget elementor-widget-shortcode\" data-id=\"0a170e2\" data-element_type=\"widget\" data-widget_type=\"shortcode.default\">\n\t\t\t\t<div class=\"elementor-widget-container\">\n\t\t\t\t\t<div class=\"elementor-shortcode\"><span><span><a href=\"https:\/\/www.horenso.fr\/\">Accueil<\/a><\/span><\/span><\/div>\n\t\t\t\t<\/div>\n\t\t\t\t<\/div>\n\t\t\t\t<div class=\"elementor-element elementor-element-724eaf3 elementor-widget elementor-widget-heading\" data-id=\"724eaf3\" data-element_type=\"widget\" data-widget_type=\"heading.default\">\n\t\t\t\t<div class=\"elementor-widget-container\">\n\t\t\t<h2 class=\"elementor-heading-title elementor-size-default\">Conseil &amp; Expertise en Excellence Op\u00e9rationnelle<\/h2>\t\t<\/div>\n\t\t\t\t<\/div>\n\t\t\t\t<div class=\"elementor-element elementor-element-af60365 elementor-widget elementor-widget-text-editor\" data-id=\"af60365\" data-element_type=\"widget\" data-widget_type=\"text-editor.default\">\n\t\t\t\t<div class=\"elementor-widget-container\">\n\t\t\t\t\t\t\t<p>Le c\u0153ur de m\u00e9tier d\u2019H\u014drens\u014d est le conseil dans son domaine d&rsquo;Expertise : l&rsquo;Excellence&nbsp; Op\u00e9rationnelle et le Lean Management. Ainsi, les consultants d\u2019H\u014drens\u014d accompagnent les entreprises \u00e0 am\u00e9liorer durablement leurs performances op\u00e9rationnelles. Nos consultants sont des professionnels exp\u00e9riment\u00e9s, poss\u00e9dant une exp\u00e9rience solide dans le secteur industriel. Plus pr\u00e9cis\u00e9ment nous aidons les \u00e9quipes de nos clients \u00e0 obtenir des r\u00e9sultats rapides en mettant en \u0153uvre les id\u00e9es en action. H\u014drens\u014d est exp\u00e9riment\u00e9 dans l&rsquo;engagement avec les clients et \u00e0 tous les niveaux hi\u00e9rarchiques. Notre flexibilit\u00e9 et notre capacit\u00e9 \u00e0 adapter les outils du Lean aux besoins de votre entreprise sont notre force majeure.<\/p>\t\t\t\t\t\t<\/div>\n\t\t\t\t<\/div>\n\t\t\t\t<div class=\"elementor-element elementor-element-d02eed6 elementor-widget elementor-widget-heading\" data-id=\"d02eed6\" data-element_type=\"widget\" data-widget_type=\"heading.default\">\n\t\t\t\t<div class=\"elementor-widget-container\">\n\t\t\t<h3 class=\"elementor-heading-title elementor-size-default\">Un levier vers le succ\u00e8s : le chantier Kaizen<\/h3>\t\t<\/div>\n\t\t\t\t<\/div>\n\t\t\t\t<div class=\"elementor-element elementor-element-1fb3d6d elementor-widget elementor-widget-text-editor\" data-id=\"1fb3d6d\" data-element_type=\"widget\" data-widget_type=\"text-editor.default\">\n\t\t\t\t<div class=\"elementor-widget-container\">\n\t\t\t\t\t\t\t<p><span style=\"color: var( --e-global-color-text ); font-family: var( --e-global-typography-text-font-family ), raleway; font-weight: var( --e-global-typography-text-font-weight );\">Des r\u00e9sultats importants sont obtenus en utilisant une vari\u00e9t\u00e9 de m\u00e9thodes d&rsquo;apprentissage par la mise en pratique. Cette application concr\u00e8te a lieu par exemple lors de chantiers Kaizen, des ateliers de conception de cha\u00eene de valeur ou encore de projets Lean, pilot\u00e9s par des professionnels. L&rsquo;objectif d\u2019H\u014drens\u014d est de \u00ab&nbsp;vous aider \u00e0 vous aider&nbsp;\u00bb gr\u00e2ce au <\/span><strong style=\"color: var( --e-global-color-text ); font-family: var( --e-global-typography-text-font-family ), raleway;\"><u>transfert de connaissances<\/u><\/strong><span style=\"color: var( --e-global-color-text ); font-family: var( --e-global-typography-text-font-family ), raleway; font-weight: var( --e-global-typography-text-font-weight );\">. Nous donnons \u00e0 vos collaborateurs les moyens de mettre en \u0153uvre par eux-m\u00eames des am\u00e9liorations. Dans le m\u00eame temps nous travaillons avec les dirigeants pour cr\u00e9er des syst\u00e8mes afin de maintenir une culture d&rsquo;am\u00e9lioration continue.<\/span><\/p>\n<p>Notre ambition consiste en premier lieu \u00e0 obtenir des r\u00e9sultats que nos clients peuvent voir et \u00e0 cr\u00e9er de la valeur qui peut \u00eatre mesur\u00e9e financi\u00e8rement. A ces fins, les missions de conseil typiques comprennent une combinaison d\u2019am\u00e9lioration quotidienne, d\u2019am\u00e9lioration des r\u00e9sultats financiers, d\u2019am\u00e9lioration durable, \u2026 et d\u2019une plus grande implication au quotidien de l\u2019ensemble de vos collaborateurs dans le projet de votre entreprise&nbsp;!<\/p>\n<p><span style=\"color: var( --e-global-color-text ); font-family: var( --e-global-typography-text-font-family ), raleway; font-weight: var( --e-global-typography-text-font-weight );\">Le vrai sens du Kaizen est \u00ab&nbsp;d\u2019aller vers le mieux&nbsp;\u00bb, tout le monde, tous les jours, et partout.<\/span><\/p>\n<p>Nous permettons cela en aidant nos clients \u00e0 concevoir et \u00e0 construire leurs syst\u00e8mes Kaizen \u00e0 travers diff\u00e9rents modes d\u2019intervention&nbsp;:<\/p>\n<ul>\n<li>Transformation Lean globale<\/li>\n<li>S&rsquo;organiser pour une am\u00e9lioration durable (Support Kaizen)<\/li>\n<li>Impl\u00e9mentation de processus (projet Lean)<\/li>\n<li>R\u00e9sultats rapides simples (Kaizen quotidien)<\/li>\n<li>D\u00e9veloppement des capacit\u00e9s et certification<\/li>\n<\/ul>\t\t\t\t\t\t<\/div>\n\t\t\t\t<\/div>\n\t\t\t\t\t<\/div>\n\t\t<\/div>\n\t\t\t\t\t<\/div>\n\t\t<\/section>\n\t\t\t\t<section class=\"elementor-section elementor-top-section elementor-element elementor-element-4798a81 elementor-section-stretched elementor-section-boxed elementor-section-height-default elementor-section-height-default\" data-id=\"4798a81\" data-element_type=\"section\" data-settings=\"{&quot;background_background&quot;:&quot;classic&quot;,&quot;stretch_section&quot;:&quot;section-stretched&quot;}\">\n\t\t\t\t\t\t<div class=\"elementor-container elementor-column-gap-default\">\n\t\t\t\t\t<div class=\"elementor-column elementor-col-33 elementor-top-column elementor-element elementor-element-c06028a\" data-id=\"c06028a\" data-element_type=\"column\">\n\t\t\t<div class=\"elementor-widget-wrap elementor-element-populated\">\n\t\t\t\t\t\t<div class=\"elementor-element elementor-element-6e1ff9d elementor-widget elementor-widget-text-editor\" data-id=\"6e1ff9d\" data-element_type=\"widget\" data-widget_type=\"text-editor.default\">\n\t\t\t\t<div class=\"elementor-widget-container\">\n\t\t\t\t\t\t\t<p>56 rue de Landegrand<\/p><p>33290 PAREMPUYRE<\/p>\t\t\t\t\t\t<\/div>\n\t\t\t\t<\/div>\n\t\t\t\t\t<\/div>\n\t\t<\/div>\n\t\t\t\t<div class=\"elementor-column elementor-col-33 elementor-top-column elementor-element elementor-element-0979094\" data-id=\"0979094\" data-element_type=\"column\">\n\t\t\t<div class=\"elementor-widget-wrap elementor-element-populated\">\n\t\t\t\t\t\t<div class=\"elementor-element elementor-element-20379c8 elementor-widget elementor-widget-text-editor\" data-id=\"20379c8\" data-element_type=\"widget\" data-widget_type=\"text-editor.default\">\n\t\t\t\t<div class=\"elementor-widget-container\">\n\t\t\t\t\t\t\t<p><span style=\"color: #ffffff;\"><a style=\"color: #ffffff;\" href=\"tel:+33626046326\">06 26 04 63 26<\/a><\/span><\/p>\n<p><span style=\"color: #ffffff;\"><a style=\"color: #ffffff;\" href=\"mailto:contact@horenso.fr\">contact@horenso.fr<\/a><\/span><\/p>\t\t\t\t\t\t<\/div>\n\t\t\t\t<\/div>\n\t\t\t\t\t<\/div>\n\t\t<\/div>\n\t\t\t\t<div class=\"elementor-column elementor-col-33 elementor-top-column elementor-element elementor-element-f17e39b\" data-id=\"f17e39b\" data-element_type=\"column\">\n\t\t\t<div class=\"elementor-widget-wrap elementor-element-populated\">\n\t\t\t\t\t\t<div class=\"elementor-element elementor-element-e8ce047 elementor-shape-rounded elementor-grid-0 e-grid-align-center elementor-widget elementor-widget-social-icons\" data-id=\"e8ce047\" data-element_type=\"widget\" data-widget_type=\"social-icons.default\">\n\t\t\t\t<div class=\"elementor-widget-container\">\n\t\t\t\t\t<div class=\"elementor-social-icons-wrapper elementor-grid\">\n\t\t\t\t\t\t\t<span class=\"elementor-grid-item\">\n\t\t\t\t\t<a class=\"elementor-icon elementor-social-icon elementor-social-icon-linkedin elementor-repeater-item-af004e7\" href=\"https:\/\/www.linkedin.com\/company\/horenso\/\" target=\"_blank\">\n\t\t\t\t\t\t<span class=\"elementor-screen-only\">Linkedin<\/span>\n\t\t\t\t\t\t<i class=\"fab fa-linkedin\"><\/i>\t\t\t\t\t<\/a>\n\t\t\t\t<\/span>\n\t\t\t\t\t<\/div>\n\t\t\t\t<\/div>\n\t\t\t\t<\/div>\n\t\t\t\t\t<\/div>\n\t\t<\/div>\n\t\t\t\t\t<\/div>\n\t\t<\/section>\n\t\t\t\t<\/div>\n\t\t","protected":false},"excerpt":{"rendered":"<p>Conseil &amp; Expertise en Excellence Op\u00e9rationnelle Le c\u0153ur de m\u00e9tier d\u2019H\u014drens\u014d est le conseil dans son domaine d&rsquo;Expertise : l&rsquo;Excellence&nbsp; Op\u00e9rationnelle et le Lean Management. Ainsi, les consultants d\u2019H\u014drens\u014d accompagnent les entreprises \u00e0 am\u00e9liorer durablement leurs performances op\u00e9rationnelles. Nos consultants sont des professionnels exp\u00e9riment\u00e9s, poss\u00e9dant une exp\u00e9rience solide dans le secteur industriel. Plus pr\u00e9cis\u00e9ment nous [&hellip;]<\/p>\n","protected":false},"author":1,"featured_media":0,"parent":416,"menu_order":2,"comment_status":"closed","ping_status":"closed","template":"","meta":[],"yoast_head":"<!-- This site is optimized with the Yoast SEO plugin v21.1 - https:\/\/yoast.com\/wordpress\/plugins\/seo\/ -->\n<title>Expertise Conseil Excellence Op\u00e9rationnelle - H\u014drens\u014d<\/title>\n<meta name=\"description\" content=\"Le c\u0153ur de m\u00e9tier d\u2019H\u014drens\u014d est le conseil dans son domaine d&#039;Expertise : l&#039;Excellence Op\u00e9rationnelle et le Lean Management.\" \/>\n<meta name=\"robots\" content=\"index, follow, max-snippet:-1, max-image-preview:large, max-video-preview:-1\" \/>\n<link rel=\"canonical\" href=\"https:\/\/www.horenso.fr\/index.php\/conseil-excellence-operationnelle-lean\/expertise-conseil-excellence-operationnelle\/\" \/>\n<meta property=\"og:locale\" content=\"fr_FR\" \/>\n<meta property=\"og:type\" content=\"article\" \/>\n<meta property=\"og:title\" content=\"Expertise Conseil Excellence Op\u00e9rationnelle - H\u014drens\u014d\" \/>\n<meta property=\"og:description\" content=\"Le c\u0153ur de m\u00e9tier d\u2019H\u014drens\u014d est le conseil dans son domaine d&#039;Expertise : l&#039;Excellence Op\u00e9rationnelle et le Lean Management.\" \/>\n<meta property=\"og:url\" content=\"https:\/\/www.horenso.fr\/index.php\/conseil-excellence-operationnelle-lean\/expertise-conseil-excellence-operationnelle\/\" \/>\n<meta property=\"og:site_name\" content=\"H\u014drens\u014d\" \/>\n<meta property=\"article:publisher\" content=\"https:\/\/www.facebook.com\/H%c5%8drens%c5%8d-105716934757860\" \/>\n<meta property=\"article:modified_time\" content=\"2022-12-15T21:48:26+00:00\" \/>\n<meta name=\"twitter:card\" content=\"summary_large_image\" \/>\n<meta name=\"twitter:label1\" content=\"Dur\u00e9e de lecture estim\u00e9e\" \/>\n\t<meta name=\"twitter:data1\" content=\"2 minutes\" \/>\n<script type=\"application\/ld+json\" class=\"yoast-schema-graph\">{\"@context\":\"https:\/\/schema.org\",\"@graph\":[{\"@type\":\"WebPage\",\"@id\":\"https:\/\/www.horenso.fr\/index.php\/conseil-excellence-operationnelle-lean\/expertise-conseil-excellence-operationnelle\/\",\"url\":\"https:\/\/www.horenso.fr\/index.php\/conseil-excellence-operationnelle-lean\/expertise-conseil-excellence-operationnelle\/\",\"name\":\"Expertise Conseil Excellence Op\u00e9rationnelle - H\u014drens\u014d\",\"isPartOf\":{\"@id\":\"https:\/\/www.horenso.fr\/#website\"},\"datePublished\":\"2021-01-26T19:16:48+00:00\",\"dateModified\":\"2022-12-15T21:48:26+00:00\",\"description\":\"Le c\u0153ur de m\u00e9tier d\u2019H\u014drens\u014d est le conseil dans son domaine d'Expertise : l'Excellence Op\u00e9rationnelle et le Lean Management.\",\"breadcrumb\":{\"@id\":\"https:\/\/www.horenso.fr\/index.php\/conseil-excellence-operationnelle-lean\/expertise-conseil-excellence-operationnelle\/#breadcrumb\"},\"inLanguage\":\"fr-FR\",\"potentialAction\":[{\"@type\":\"ReadAction\",\"target\":[\"https:\/\/www.horenso.fr\/index.php\/conseil-excellence-operationnelle-lean\/expertise-conseil-excellence-operationnelle\/\"]}]},{\"@type\":\"BreadcrumbList\",\"@id\":\"https:\/\/www.horenso.fr\/index.php\/conseil-excellence-operationnelle-lean\/expertise-conseil-excellence-operationnelle\/#breadcrumb\",\"itemListElement\":[{\"@type\":\"ListItem\",\"position\":1,\"name\":\"Accueil\",\"item\":\"https:\/\/www.horenso.fr\/\"},{\"@type\":\"ListItem\",\"position\":2,\"name\":\"Conseil\",\"item\":\"https:\/\/www.horenso.fr\/index.php\/conseil-excellence-operationnelle-lean\/\"},{\"@type\":\"ListItem\",\"position\":3,\"name\":\"Expertise Conseil Excellence Op\u00e9rationnelle\"}]},{\"@type\":\"WebSite\",\"@id\":\"https:\/\/www.horenso.fr\/#website\",\"url\":\"https:\/\/www.horenso.fr\/\",\"name\":\"H\u014drens\u014d\",\"description\":\"Performance Op\u00e9rationnelle &amp; Productivit\u00e9 Financi\u00e8re\",\"publisher\":{\"@id\":\"https:\/\/www.horenso.fr\/#organization\"},\"potentialAction\":[{\"@type\":\"SearchAction\",\"target\":{\"@type\":\"EntryPoint\",\"urlTemplate\":\"https:\/\/www.horenso.fr\/?s={search_term_string}\"},\"query-input\":\"required name=search_term_string\"}],\"inLanguage\":\"fr-FR\"},{\"@type\":\"Organization\",\"@id\":\"https:\/\/www.horenso.fr\/#organization\",\"name\":\"Horenso\",\"url\":\"https:\/\/www.horenso.fr\/\",\"logo\":{\"@type\":\"ImageObject\",\"inLanguage\":\"fr-FR\",\"@id\":\"https:\/\/www.horenso.fr\/#\/schema\/logo\/image\/\",\"url\":\"https:\/\/www.horenso.fr\/wp-content\/uploads\/2020\/08\/Logo-Horenso-H.png\",\"contentUrl\":\"https:\/\/www.horenso.fr\/wp-content\/uploads\/2020\/08\/Logo-Horenso-H.png\",\"width\":2560,\"height\":458,\"caption\":\"Horenso\"},\"image\":{\"@id\":\"https:\/\/www.horenso.fr\/#\/schema\/logo\/image\/\"},\"sameAs\":[\"https:\/\/www.facebook.com\/H\u014drens\u014d-105716934757860\",\"https:\/\/www.linkedin.com\/company\/horenso\/\",\"https:\/\/www.youtube.com\/channel\/UC0PjdWUgLLpi9mcYLwRqNQQ\"]}]}<\/script>\n<!-- \/ Yoast SEO plugin. -->","yoast_head_json":{"title":"Expertise Conseil Excellence Op\u00e9rationnelle - H\u014drens\u014d","description":"Le c\u0153ur de m\u00e9tier d\u2019H\u014drens\u014d est le conseil dans son domaine d'Expertise : l'Excellence Op\u00e9rationnelle et le Lean Management.","robots":{"index":"index","follow":"follow","max-snippet":"max-snippet:-1","max-image-preview":"max-image-preview:large","max-video-preview":"max-video-preview:-1"},"canonical":"https:\/\/www.horenso.fr\/index.php\/conseil-excellence-operationnelle-lean\/expertise-conseil-excellence-operationnelle\/","og_locale":"fr_FR","og_type":"article","og_title":"Expertise Conseil Excellence Op\u00e9rationnelle - H\u014drens\u014d","og_description":"Le c\u0153ur de m\u00e9tier d\u2019H\u014drens\u014d est le conseil dans son domaine d'Expertise : l'Excellence Op\u00e9rationnelle et le Lean Management.","og_url":"https:\/\/www.horenso.fr\/index.php\/conseil-excellence-operationnelle-lean\/expertise-conseil-excellence-operationnelle\/","og_site_name":"H\u014drens\u014d","article_publisher":"https:\/\/www.facebook.com\/H%c5%8drens%c5%8d-105716934757860","article_modified_time":"2022-12-15T21:48:26+00:00","twitter_card":"summary_large_image","twitter_misc":{"Dur\u00e9e de lecture estim\u00e9e":"2 minutes"},"schema":{"@context":"https:\/\/schema.org","@graph":[{"@type":"WebPage","@id":"https:\/\/www.horenso.fr\/index.php\/conseil-excellence-operationnelle-lean\/expertise-conseil-excellence-operationnelle\/","url":"https:\/\/www.horenso.fr\/index.php\/conseil-excellence-operationnelle-lean\/expertise-conseil-excellence-operationnelle\/","name":"Expertise Conseil Excellence Op\u00e9rationnelle - H\u014drens\u014d","isPartOf":{"@id":"https:\/\/www.horenso.fr\/#website"},"datePublished":"2021-01-26T19:16:48+00:00","dateModified":"2022-12-15T21:48:26+00:00","description":"Le c\u0153ur de m\u00e9tier d\u2019H\u014drens\u014d est le conseil dans son domaine d'Expertise : l'Excellence Op\u00e9rationnelle et le Lean Management.","breadcrumb":{"@id":"https:\/\/www.horenso.fr\/index.php\/conseil-excellence-operationnelle-lean\/expertise-conseil-excellence-operationnelle\/#breadcrumb"},"inLanguage":"fr-FR","potentialAction":[{"@type":"ReadAction","target":["https:\/\/www.horenso.fr\/index.php\/conseil-excellence-operationnelle-lean\/expertise-conseil-excellence-operationnelle\/"]}]},{"@type":"BreadcrumbList","@id":"https:\/\/www.horenso.fr\/index.php\/conseil-excellence-operationnelle-lean\/expertise-conseil-excellence-operationnelle\/#breadcrumb","itemListElement":[{"@type":"ListItem","position":1,"name":"Accueil","item":"https:\/\/www.horenso.fr\/"},{"@type":"ListItem","position":2,"name":"Conseil","item":"https:\/\/www.horenso.fr\/index.php\/conseil-excellence-operationnelle-lean\/"},{"@type":"ListItem","position":3,"name":"Expertise Conseil Excellence Op\u00e9rationnelle"}]},{"@type":"WebSite","@id":"https:\/\/www.horenso.fr\/#website","url":"https:\/\/www.horenso.fr\/","name":"H\u014drens\u014d","description":"Performance Op\u00e9rationnelle &amp; Productivit\u00e9 Financi\u00e8re","publisher":{"@id":"https:\/\/www.horenso.fr\/#organization"},"potentialAction":[{"@type":"SearchAction","target":{"@type":"EntryPoint","urlTemplate":"https:\/\/www.horenso.fr\/?s={search_term_string}"},"query-input":"required name=search_term_string"}],"inLanguage":"fr-FR"},{"@type":"Organization","@id":"https:\/\/www.horenso.fr\/#organization","name":"Horenso","url":"https:\/\/www.horenso.fr\/","logo":{"@type":"ImageObject","inLanguage":"fr-FR","@id":"https:\/\/www.horenso.fr\/#\/schema\/logo\/image\/","url":"https:\/\/www.horenso.fr\/wp-content\/uploads\/2020\/08\/Logo-Horenso-H.png","contentUrl":"https:\/\/www.horenso.fr\/wp-content\/uploads\/2020\/08\/Logo-Horenso-H.png","width":2560,"height":458,"caption":"Horenso"},"image":{"@id":"https:\/\/www.horenso.fr\/#\/schema\/logo\/image\/"},"sameAs":["https:\/\/www.facebook.com\/H\u014drens\u014d-105716934757860","https:\/\/www.linkedin.com\/company\/horenso\/","https:\/\/www.youtube.com\/channel\/UC0PjdWUgLLpi9mcYLwRqNQQ"]}]}},"_links":{"self":[{"href":"https:\/\/www.horenso.fr\/index.php\/wp-json\/wp\/v2\/pages\/4597"}],"collection":[{"href":"https:\/\/www.horenso.fr\/index.php\/wp-json\/wp\/v2\/pages"}],"about":[{"href":"https:\/\/www.horenso.fr\/index.php\/wp-json\/wp\/v2\/types\/page"}],"author":[{"embeddable":true,"href":"https:\/\/www.horenso.fr\/index.php\/wp-json\/wp\/v2\/users\/1"}],"replies":[{"embeddable":true,"href":"https:\/\/www.horenso.fr\/index.php\/wp-json\/wp\/v2\/comments?post=4597"}],"version-history":[{"count":37,"href":"https:\/\/www.horenso.fr\/index.php\/wp-json\/wp\/v2\/pages\/4597\/revisions"}],"predecessor-version":[{"id":7614,"href":"https:\/\/www.horenso.fr\/index.php\/wp-json\/wp\/v2\/pages\/4597\/revisions\/7614"}],"up":[{"embeddable":true,"href":"https:\/\/www.horenso.fr\/index.php\/wp-json\/wp\/v2\/pages\/416"}],"wp:attachment":[{"href":"https:\/\/www.horenso.fr\/index.php\/wp-json\/wp\/v2\/media?parent=4597"}],"curies":[{"name":"wp","href":"https:\/\/api.w.org\/{rel}","templated":true}]}}